 the greatest common divisor of y and 168?
24
Suppose -95*g - 3*b + 1259 = -93*g, 0 = 2*b - 2. Calculate the highest common factor of 4 and g.
4
Suppose 4*k + 511 + 257 = 4*v, 4*k - 744 = -4*v. What is the greatest common divisor of 108 and v?
27
Suppose 25*n - 8 - 42 = 0. Calculate the highest common divisor of n and 34.
2
Let l = 6 + 54. Let f = 68 - l. What is the highest common factor of f and 16?
8
Let s be (-8)/(-100) + 56658/525. What is the highest common factor of 81 and s?
27
Let x = 10 + -6. Let o be x - 2 - (-15 - 1). Suppose -228*g = -224*g - 24. What is the highest common divisor of g and o?
6
Suppose -757*f = -762*f + 5. What is the highest common factor of f and 1?
1
Suppose -5*i = -7*i + 48. Suppose 0 = 7*k - 332 - 88. Calculate the greatest common divisor of i and k.
12
Let h be (-5)/(12/(-11) + 1). Let t = 180 - 549. Let y be t/(-33) + (-1 - 27/(-33)). What is the highest common divisor of y and h?
11
Suppose 19*u + 122 = 388. What is the highest common divisor of 175 and u?
7
Let r(g) = g**3 - 2. Let s be r(2). Let c(y) = 7*y**2 - 7*y + 10. Let k be c(s). Calculate the highest common factor of 20 and k.
20
Let k be (-276)/(-32) - (-24)/64. Calculate the highest common divisor of 135 and k.
9
Suppose 0 = -9*v + 42 + 75. Let s be 91*(-3)/(1*-3). Calculate the highest common factor of v and s.
13
Let w(a) = 5*a**2 - 4. Suppose -5*s + 6*s + 2 = 0. Let u be w(s). Let j be 64/2 - 0/4. Calculate the highest common factor of u and j.
16
Let u = -5 - -35. Calculate the highest common factor of 285 and u.
15
Suppose 0 = -2*l - 4*i + 124, 2*l - 132 = 27*i - 29*i. What is the greatest common factor of 315 and l?
35
Let r be -15*((-20)/(-6) + -3). Let i be (-1718)/r - -3*(-6)/(-45). Calculate the greatest common divisor of 43 and i.
43
Let c = 116 - 74. What is the highest common divisor of 21 and c?
21
Suppose -2*r = 2*b - 320, 0 = 3*r - 0*r - 6. Calculate the greatest common factor of b and 1501.
79
Suppose l + 190 = 3*l + 4*f, 2*f = 2*l - 220. Let t(m) = 5*m - 33. Let k be t(15). Calculate the greatest common factor of l and k.
21
Let u = -45 - -27. Let t = 2 - u. What is the highest common factor of 20 and t?
20
Suppose -3*o + 53 = -43. Let n be -1 - 2 - -4 - -1. Suppose -o = -3*x + n*y, 4*x + 3*y - 17 = 2*x. What is the greatest common divisor of x and 40?
10
Suppose -7*n + 2*n = -5. Suppose a + 2*a - 53 = 4*u, 5*a - 3*u = 70. Calculate the highest common factor of n and a.
1
Suppose t - 8 = -3*t. Suppose -4*j = -2*h, -t*h - 3 = -h - 3*j. Suppose 2*y = h*y - 448. What is the highest common divisor of 14 and y?
14
Let q be 3/6 + (-6 - (-428)/8). What is the highest common divisor of 528 and q?
48
Let m be (13 - 10)/(1 - (-92)/(-96)). What is the highest common factor of m and 792?
72
Let d = 32 - 14. Suppose 8*b - 9*b = -d. Calculate the greatest common divisor of b and 144.
18
Let w = -1622 + 1628. Suppose 0*m - 2*m = -60. Calculate the greatest common divisor of w and m.
6
Let f = 1 + 0. Let s be (f*(-33)/(-3))/1. Let x be (-1365)/(-25) - (-2)/5. What is the highest common factor of s and x?
11
Suppose -6*y + 3 = -5*y, 2*g + 5*y = 165. Let l = 38 + -76. Let p = l - -68. What is the highest common divisor of g and p?
15
Let t = -1102 + 1202. Calculate the highest common factor of 175 and t.
25
Let v = 895 + -880. Calculate the highest common divisor of v and 9.
3
Let m = -4 + -12. Let w = m - -15. Let y(d) = 96*d**2 + 2*d + 1. Let h be y(w). Calculate the greatest common divisor of 19 and h.
19
Let z = 34 - 8. Let w(d) = 5*d - 2. Let x be w(3). What is the greatest common divisor of x and z?
13
Suppose -13*g - 1455 = -8670. Calculate the greatest common factor of 30 and g.
15
Suppose 4*x - 2*w + w - 481 = 0, -4*x + 496 = -4*w. What is the highest common factor of 7 and x?
7
Suppose 122*f + 30 = 123*f. What is the greatest common divisor of 375 and f?
15
Let s be 87 - (112/(-7))/8. What is the highest common factor of s and 89?
89
Let k = 348 - 288. Calculate the highest common factor of k and 24.
12
Suppose -4*w - w + 70 = 0. Let y(g) = 26*g**2 - 2*g - 10. Let h be y(-2). Calculate the greatest common factor of w and h.
14
Suppose g - 7*l + 6*l - 53 = 0, 5*g - 269 = 3*l. Suppose -6*u + u = 3*x - 9, 5*x = 5*u + g. Calculate the greatest common divisor of 40 and x.
8
Let y = 6 - 2. What is the highest common divisor of 324 and y?
4
Let r(p) = p**3 + 26*p**2 + 26*p + 34. Let j be r(-25). Calculate the highest common factor of 27 and j.
9
Let a(i) = 2*i**2 + 7*i - 2. Let h be a(-5). Let o be 1 + 12/(-4) - 4. Let v be (468/16)/(o/(-24)). What is the highest common divisor of v and h?
13
Let n = -20 + 140. Suppose p = -p + n. Calculate the greatest common divisor of p and 6.
6
Let v = -12 + 12. Suppose r - 242 = -5*p, -p + v*r + 4*r + 40 = 0. Calculate the highest common factor of 6 and p.
6
Suppose -72*z = -8*z - 1728. Let i = 23 - 14. What is the greatest common factor of i and z?
9
Suppose -3*o + o = 0. Suppose -5*c + o*c = -80. What is the highest common divisor of c and 80?
16
Let t(l) = -2*l**3 - 3*l**2 + 5*l + 2. Let c be t(-3). Suppose -15*f - 104 + 524 = 0. What is the highest common factor of f and c?
14
Let b be (64/(-6))/2*3. Let j = b + 15. Let r be 1*(-1 + j) + 9. Calculate the greatest common factor of r and 7.
7
Suppose -4*o - 3 = -19. Suppose -o*q + 5*p = -231, -6*p = -5*q - p + 285. Let z = 124 - q. What is the highest common divisor of z and 10?
10
Let z(v) = -9*v + 4. Let d be z(-7). Let k = d + -35. Suppose 0 = 4*j - 12 - 4. Calculate the highest common factor of k and j.
4
Suppose -5*b = -2*i + 1141, 5*i - 2*b + 2222 = 9*i. What is the highest common factor of 18 and i?
18
Suppose 7*j = 144 + 465. Calculate the greatest common divisor of 174 and j.
87
Let l be -6 - (-47 - (0 - 3)). Suppose 0 = -p + 42 - 4. What is the highest common factor of p and l?
38
Let x = -33 - -35. Suppose 4*y - 20 = -3*w, -2*w + 16 = 4*y + x*w. Calculate the greatest common factor of 16 and y.
8
Let v = 32 + 13. Let s(r) = 10*r**2 + 58*r - 101. Let q be s(-8). What is the greatest common factor of q and v?
15
Suppose 0 = 21*f - 10282 + 1126. Calculate the greatest common divisor of 4 and f.
4
Let u(z) = 2*z**2 - 3*z. Let h be u(2). Suppose h*n - 15 = 29. Calculate the highest common factor of 66 and n.
22
Let h be (-1)/((1 - -3) + (-9)/2). Calculate the highest common factor of 7 and h.
1
Let b = 19 - 10. Suppose 2*f = 5*f + 5*l - 194, 5*f - 316 = -l. What is the greatest common factor of b and f?
9
Let f(k) = k + 313. Let l be f(0). Let t = -217 + l. Let v be -24*1/(-2 + 0). Calculate the greatest common factor of t and v.
12
Suppose 5*g = 8*g - 84. Let x be g/(-126) + 20/9. What is the greatest common divisor of 22 and x?
2
Suppose -13*y - 885 = 376. Let w = y - -135. Calculate the greatest common factor of w and 2.
2
Suppose -2*m + 50 + 86 = 0. Calculate the highest common factor of 2176 and m.
68
Let r be ((-1)/2 + 1)*(-6 + 26). What is the greatest common divisor of r and 410?
10
Let g(w) = -w**3 - 17*w**2 - 16*w + 6. Let a be g(-16). What is the greatest common divisor of a and 816?
6
Let v(f) = -4*f - 13. Suppose 4*t - 5*m = -48, -3*t + 3*m = 6*m + 9. Let s be v(t). What is the highest common factor of s and 135?
15
Let k(b) = 3*b - 8. Let w be k(5). Let t(c) = -c**2 + 6*c + 14. Let s be t(w). Let u = 13 - s. What is the highest common divisor of u and 54?
6
Suppose 5*p - 30 = 3*s, 6 = 2*p - 5*p - 3*s. Suppose -p*j + j = -5*h - 170, 0 = h - 2*j + 26. Let k = h - -198. What is the greatest common factor of 18 and k?
18
Suppose 9*w - 13*w = 3*r - 2432, -4*w - 4064 = -5*r. Calculate the greatest common divisor of r and 14.
14
Let c = -4 + 6. Suppose c*d - 115 = 15. Calculate the highest common divisor of d and 39.
13
Suppose 0 = 4*a - 5*a + 34. Let x = -20 + a. Calculate the greatest common factor of 154 and x.
14
Let d = 560 - -208. What is the highest common factor of d and 24?
24
Let b be 29/9 - 2/9. Let v(p) = -32*p - 165. Let c(y) = -8*y - 41. Let g(s) = 9*c(s) - 2*v(s). Let k be g(-9). Calculate the highest common factor of b and k.
3
Suppose 5*b + 34*a - 1865 = 29*a, 0 = 5*b + 3*a - 1867. What is the highest common factor of 22 and b?
22
Let h be (-2)/(-6) + 91/(-39). Let u(m) = -4*m**2 - m - 2. Let g be u(h). Let c = g - -3